 What is i(-10)?
18
Let t(c) = 4*c**3 + 2*c**2 - c + 2. Determine t(-3).
-85
Let w(v) = 20*v + 300. Determine w(-17).
-40
Let t(d) = d**2 - 12*d - 1003. What is t(-26)?
-15
Let r(m) = -5*m - 54. Determine r(-15).
21
Let r(a) = 8*a + 62. Determine r(-7).
6
Let h(f) = -5*f + 5. Calculate h(5).
-20
Let m(w) = 53*w + 423. Calculate m(-8).
-1
Let h(f) = -f**2 + 9*f + 6. What is h(10)?
-4
Let z(m) = -7*m**2 - 1. What is z(-2)?
-29
Let z(y) = 41*y + 331. Determine z(-8).
3
Let k(m) = 26*m**2 - 2*m. Calculate k(1).
24
Let j(l) = -109*l + 1086. Give j(10).
-4
Let a(m) = m**3 - 4*m**2 + 3*m - 1. Determine a(4).
11
Let j(a) = -3*a**2 - 3*a + 1. Calculate j(-3).
-17
Let x(c) = -7*c**3 + c**2 + 2*c + 1. Calculate x(-1).
7
Let a(m) = -2*m - 22. What is a(-11)?
0
Let f(c) = -7*c - 27. Give f(-14).
71
Let h(b) = -5*b + 1. Give h(-3).
16
Let k(o) = o**3 - 5*o**2 + 8*o - 18. What is k(4)?
-2
Let a(f) = -f**3 - f**2 + 9*f + 9. Determine a(-3).
0
Let a(s) = -s**2 + s - 1. Calculate a(-2).
-7
Let p(q) = q**3 - 2*q**2 - 3. Determine p(0).
-3
Let p(v) = -6*v**2. What is p(1)?
-6
Let u(f) = -f**3 - 24*f**2 - 23*f - 19. Determine u(-23).
-19
Let v(t) = t**2 - 17*t - 74. Give v(-4).
10
Let b(y) = -y**3 - 9*y**2 + 4*y - 92. Calculate b(-10).
-32
Let s(j) = 6*j**2 - 16*j + 3. Give s(3).
9
Let r(i) = i**3 - 3*i**2 + 2*i - 5. Calculate r(4).
19
Let w(l) = 4*l - 62. Determine w(15).
-2
Let u(t) = -t**3 + 5*t**2 + 3*t - 7. Calculate u(5).
8
Let a(c) = c**2 + 19*c + 65. Calculate a(-17).
31
Let a(q) = -q**2 + q + 2. What is a(4)?
-10
Let i(l) = 2*l**3 - 10*l**2 - 9*l - 21. Give i(6).
-3
Let c(w) = w**3 - 17*w**2 - w + 9. Give c(17).
-8
Let t(m) = -m**3 + 19*m**2 - 22. Determine t(19).
-22
Let t(u) = -8*u - 97. Give t(-7).
-41
Let a(p) = -p - 24. Give a(-10).
-14
Let u(l) = -l**3 + 2*l**2 + 7*l - 9. Give u(3).
3
Let x(n) = n + 17. What is x(-18)?
-1
Let l(x) = x**2 - 11*x + 7. Calculate l(11).
7
Let t(c) = -21*c - 5. Calculate t(5).
-110
Let j(w) = 7*w + 2. Calculate j(-1).
-5
Let t(f) = -f**3 - 5*f**2 + 6*f - 3. Give t(-6).
-3
Let a(k) = -3*k. What is a(-2)?
6
Let s(u) = -5*u**2 - 83*u + 123. What is s(-18)?
-3
Let j(s) = -97*s - 15. Calculate j(-1).
82
Let s(z) = 8*z**3 + 6*z**2 + 2*z + 2. Determine s(-2).
-42
Let m(n) = 2*n + 9. Calculate m(-14).
-19
Let n(u) = 11*u**3 - u**2 - u + 1. Determine n(-1).
-10
Let l(n) = -n**3 - 5. What is l(0)?
-5
Let r(y) = y**3 - y**2 - y - 1. What is r(2)?
1
Let z(y) = 12*y - 44. Calculate z(4).
4
Let o(x) = -4*x + 1. Determine o(-2).
9
Let g(q) = 36*q + 220. What is g(-6)?
4
Let v(c) = 43*c - 213. Determine v(5).
2
Let y(p) = -p**3 - 14*p**2 - 23*p + 12. What is y(-12)?
0
Let x(a) = -6*a - 39. What is x(-7)?
3
Let k(w) = w + 12. Calculate k(-9).
3
Let u(h) = 3*h + 1. Give u(0).
1
Let y(l) = l**3 - 11*l**2 + 18*l + 7. Determine y(9).
7
Let u(m) = m**3 - 21*m**2 + m - 26. What is u(21)?
-5
Let d(o) = -13*o + 21. Calculate d(2).
-5
Let p(c) = -8*c + 1. Give p(3).
-23
Let p(g) = g**2 - 5*g - 6. Determine p(6).
0
Let s(x) = 3*x - 3. Determine s(5).
12
Let t(i) = -i**3 - 9*i**2 - 9*i + 7. Calculate t(-8).
15
Let f(v) = -v**3 - 63*v**2 + 61*v - 192. Give f(-64).
0
Let h(a) = 2*a**3 - 5*a**2 + 5*a + 4. Calculate h(4).
72
Let f(t) = -5*t + 119. What is f(16)?
39
Let f(c) = c**3 + 2*c**2 - 7*c. Give f(-5).
-40
Let n(h) = -4*h + 6. Give n(3).
-6
Let w(s) = s**3 + 5*s**2 - 49*s + 14. What is w(-10)?
4
Let a(w) = 32*w - 312. What is a(10)?
8
Let h(c) = -c**3 - 24*c**2 - c - 26. Determine h(-24).
-2
Let u(h) = -11*h**3 - h**2 + 2*h - 2. Give u(1).
-12
Let i(s) = -2*s**2 - 14*s - 8. Calculate i(-6).
4
Let v(t) = t**3 + 10*t**2 + 15*t - 1. Calculate v(-8).
7
Let n(h) = -3*h - 64. Calculate n(-13).
-25
Let p(i) = 21*i**3 - 2*i**2. Calculate p(1).
19
Let o(k) = k + 3. What is o(7)?
10
Let m(a) = a**2 - 13*a + 37. Give m(6).
-5
Let w(u) = u**3 + 29*u**2 + 46*u - 227. What is w(-27)?
-11
Let i(f) = -287*f + 2299. What is i(8)?
3
Let t(z) = -9*z + 2. What is t(3)?
-25
Let h(r) = -r**3 - 8*r**2 + 2. Give h(-6).
-70
Let g(h) = -77*h + 1920. Give g(25).
-5
Let s(c) = 4*c**2 + 13*c - 1. Give s(-4).
11
Let c(n) = -185*n + 382. What is c(2)?
12
Let f(x) = 3*x - 4. What is f(4)?
8
Let g(y) = -y**3 - 57*y**2 - y - 53. Calculate g(-57).
4
Let v(b) = b**2 - 11*b - 98. What is v(15)?
-38
Let a(u) = 12*u - 40. Calculate a(3).
-4
Let m(k) = -18*k**3 - 2*k + 1. Give m(1).
-19
Let t(l) = l**3 + 7*l**2 + 5*l + 2. What is t(-3)?
23
Let w(d) = 7*d + 43. What is w(-7)?
-6
Let w(m) = m**3 - 23*m**2 + 3*m - 38. Give w(23).
31
Let b(j) = j**3 - 17*j**2 + 18*j - 19. Determine b(16).
13
Let t(j) = -3*j**3 - j**2 - 46*j - 89. Give t(-2).
23
Let u(j) = -j - 3. Determine u(2).
-5
Let k(b) = -b - 21. Give k(-20).
-1
Let a(p) = -9*p**2 + 5*p - 1. Determine a(3).
-67
Let z(j) = -8*j**2 + 4*j + 13. Calculate z(-2).
-27
Let h(b) = -b**3 - 10*b**2 - 5*b - 55. What is h(-10)?
-5
Let g(m) = -m**2 - 11*m + 14. What is g(-10)?
24
Let s(q) = -4*q - 10. Calculate s(-4).
6
Let g(q) = -q**3 + 4*q**2 + 4. Calculate g(4).
4
Let j(i) = i**2 - 5*i - 13. Determine j(9).
23
Let c(y) = -27*y + 189. Calculate c(7).
0
Let k(a) = a**3 + 5*a**2 - 20*a + 14. Calculate k(-9).
-130
Let j(z) = -2*z + 21. Determine j(12).
-3
Let g(l) = -l**3 + 26*l**2 - 4*l + 99. Give g(26).
-5
Let g(p) = p**2 - 105. Determine g(0).
-105
Let j(q) = q**2 + 46. What is j(0)?
46
Let d(h) = -h**3 - 8*h**2 + h + 2. Determine d(-8).
-6
Let q(t) = -t**3 - 26*t**2 + 27*t. Calculate q(-27).
0
Let l(q) = -4*q - 28. Determine l(-6).
-4
Let v(a) = 14*a - 9. Determine v(-2).
-37
Let h(k) = 11*k**2 - 6*k - 10. Give h(3).
71
Let p(i) = -2*i**3 - 12*i**2 + 16*i + 12. What is p(-7)?
-2
Let m(i) = i**3 - 14*i**2 + 27*i - 32. What is m(12)?
4
Let p(k) = 2*k**3 + 4*k**2 - 6. Calculate p(-2).
-6
Let u(g) = -58*g**3 - g**2. What is u(-1)?
57
Let h(u) = 4*u - 12. What is h(4)?
4
Let h(t) = 28*t. Calculate h(1).
28
Let c(d) = -5*d**2 + 2*d + 1. Give c(2).
-15
Let v(h) = -h**2 - 9*h - 4. What is v(-5)?
16
Let j(f) = -f**3 - 15*f**2 - 42*f + 20. What is j(-11)?
-2
Let y(i) = -i - 13. Give y(-11).
-2
Let x(k) = 17*k + 194. Determine x(-11).
7
Let o(w) = -4*w**2 - 27*w + 8. Calculate o(-7).
1
Let y(d) = d**2 - 10*d - 18. Give y(-2).
6
Let s(g) = 9*g + 18. Determine s(-9).
-63
Let u(i) = -i**3 + 18*i**2 + 61*i + 37. Give u(21).
-5
Let z(y) = -18*y - 80. Calculate z(-9).
82
Let y(k) = k**3 - 4*k**2 - 16*k + 10. Calculate y(7).
45
Let x(q) = -q**3 - 6*q**2 + 5*q + 2. Calculate x(-7).
16
Let a(l) = 2*l**2 + 3*l - 1. Determine a(-4).
19
Let k(t) = -t**2 - 3*t + 43. Determine k(-8).
3
Let z(l) = 3*l - 38. Determine z(2).
-32
Let q(r) = r**3 - 7*r**2 + 4*r + 4. Give q(6).
-8
Let z(g) = g**3 + 2*g**2 + 5*g + 4. What is z(-3)?
-20
Let c(u) = -6*u - 4. What is c(-3)?
14
Let v(l) = 2*l + 27. Give v(-19).
-11
Let n(z) = -z**2 - 20*z + 29. Calculate n(-21).
8
Let b(p) = p**2 + p - 1. Calculate b(0).
-1
Let z(y) = y**3 + 2*y**2 - y - 1. Give z(-1).
1
Let x(q) = 5*q**2 + 7*q - 23. What is x(4)?
85
Let a(n) = -n**2 + 21*n - 24. Determine a(16).
56
Let z(r) = 2*r**2 + 23*r + 52. Give z(-9).
7
Let s(x) = 58*x**3 - x**2 + x + 1. Calculate s(-1).
-59
Let t(k) = 8*k - 9. What is t(5)?
31
Let a(k) = 30*k**3 - k**2 + k. Determine a(1).
30
Let q(o) = o**2 - 25*o + 113. What is q(20)?
13
Let i(s) = s**3 - 10*s**2 + 13*s - 14. Determine i(9).
22
Let l(p) = -3*p**2 + 5*p - 4. Determine l(4).
-32
Let n(y) = y**2 - 11*y + 7. What is n(10)?
-3
Let z(l) = -37*l. Determine z(-2).
74
Let l(t) = t**3 - 7*t**2 - 2*t - 11. What is l(7)?
-25
Let o(g) = 23*g**2 - 2*g + 1. Give o(1).
22
Let r(j) = -j**3 + 11*j**2 + 10*j - 8. Calculate r(12).
-32
Let w(t) = -2*t - 22. What is w(0)?
-22
Let l(w) = -28*w - 81. What is l(-4)?
31
Let d(v) = -v**3 + 21*v**2 - v + 50. Determine d(21).
29
Let a(i) = i + 10. Determine a(-4).
6
Let l(c) = c**3 - 8*c**2 + 10*c - 3. Determine l(7).
18
Let j(g) = g**2 + 12*g - 139. Calculate j(8).
21
Let m(v) = v**2 + 2*v. Calculate m(-4).
8
Let y(x) = 19*x + 208. What is y(-11)?
-1
Let y(r) = -10*r + 36. What is y(3)?
6
Let g(n) = -n**3 - 22*n**2 + 48*n + 19. What is g(-24)?
19
Let t(k) = 12*k - 18. Give t(3).
18
Let s(d) = -2*d**2 - 19*d - 17. What is s(-8)?
7
Let y(x) = x**2 - 24*x + 131. Give y(7).
12
Let t(q) = q**2 - 6*q - 18. Determine t(9).
9
Let n(d) = -d**3 + 12*d